13. Calculate m(-4).
19
Let v(r) = -r**3 - 4*r + 42. Calculate v(3).
3
Let z(n) = -2*n**3 + 12*n**2 + 145*n + 3. Calculate z(-6).
-3
Let j(q) = 2*q**3 + 4*q**2 + 25*q - 16. Give j(0).
-16
Let v(p) = -p**2 - 17*p - 23. What is v(0)?
-23
Let t(b) = -b**3 + 4*b**2 + 10. Determine t(7).
-137
Let q(z) = 8*z - 194. What is q(21)?
-26
Let j(y) = y**2 + 32*y - 2410. Give j(35).
-65
Let v(j) = -j**3 + 22*j**2 + 31*j - 75. Give v(23).
109
Let o(i) = 517*i + 10876. Calculate o(-21).
19
Let m(x) = -x**2 - 64*x - 114. What is m(0)?
-114
Let r(b) = -29*b**2 + 117*b + 345. What is r(-3)?
-267
Let t(r) = r**3 - 88*r**2 + 88*r - 93. What is t(87)?
-6
Let k(y) = -124*y - 1419. Calculate k(-12).
69
Let x(d) = -d**2 - 34*d - 254. Calculate x(-27).
-65
Let g(l) = 8*l**2 + 167*l + 411. What is g(-18)?
-3
Let n(g) = -2*g**2 - 114*g + 245. Calculate n(-59).
9
Let f(z) = -z**2 - 9*z - 22. Calculate f(-15).
-112
Let s(k) = -k**2 + 389*k - 4880. What is s(13)?
8
Let i(r) = 7*r**2 - 168*r - 1. Give i(24).
-1
Let o(x) = -x**2 - 735*x + 8210. Give o(11).
4
Let q(n) = -199*n - 10352. Determine q(-52).
-4
Let d(v) = 158*v - 6948. Determine d(44).
4
Let z(h) = 7611*h - 106552. What is z(14)?
2
Let i(m) = -m**3 - 4*m**2 + 18*m - 645. Determine i(-11).
4
Let g(b) = -572*b - 40040. Give g(-70).
0
Let v(i) = -48*i - 348. What is v(-7)?
-12
Let z(x) = x**3 - 43*x**2 + 9*x - 384. Calculate z(43).
3
Let m(j) = 90*j + 13493. What is m(-150)?
-7
Let m(v) = 126*v**3 + v**2 - 4*v - 5. Determine m(-1).
-126
Let g(q) = -3*q**2 + 36*q. What is g(10)?
60
Let b(t) = -2*t**2 + 674*t + 1358. What is b(339)?
2
Let v(f) = 16*f + 11. Determine v(-2).
-21
Let f(c) = c**2 + 484*c + 2389. Give f(-5).
-6
Let h(a) = -11*a - 96. Determine h(-6).
-30
Let j(a) = -89*a**3 - 3*a**2 - 26*a - 24. Determine j(-1).
88
Let d(r) = 7*r**2 - 8*r - 26. Give d(4).
54
Let h(y) = y**2 + 115*y + 2094. Give h(-95).
194
Let f(x) = -8*x**2 + 193*x + 11662. Determine f(-28).
-14
Let d(f) = 60*f**2 + 481*f - 52. Determine d(-8).
-60
Let t(s) = s**3 - 8*s**2 - 28*s + 18. What is t(10)?
-62
Let b(f) = 4*f**2 + 141*f + 448. What is b(-32)?
32
Let d(m) = 10*m - 56. Give d(6).
4
Let s(o) = 3*o**3 + 29*o**2 - 47*o - 2. What is s(-11)?
31
Let z(p) = -4*p**3 + 9*p**2 + 29*p - 63. Determine z(2).
-1
Let j(s) = 6*s**2 + 17*s - 238. Give j(-8).
10
Let k(h) = h**2 + 10*h + 28. What is k(-7)?
7
Let k(n) = 30*n**3 - 3*n**2 - 12*n - 14. Determine k(-1).
-35
Let r(q) = q**3 + 17*q**2 - 139*q - 50. Determine r(-23).
-27
Let f(a) = -a**3 - 37*a**2 - 68*a + 71. Determine f(-35).
1
Let r(q) = 3*q**2 - 253*q + 5234. Calculate r(48).
2
Let l(u) = -u**3 - 41*u**2 - 193*u - 6118. What is l(-40)?
2
Let a(b) = 125*b + 2627. Calculate a(-21).
2
Let l(u) = 421*u + 66522. Determine l(-158).
4
Let t(q) = -102*q + 41. Give t(1).
-61
Let s(b) = -17*b - 337. What is s(-27)?
122
Let i(y) = -80*y + 5318. Calculate i(65).
118
Let p(n) = 214*n - 7930. Give p(37).
-12
Let r(m) = -m**3 - 11*m**2 + 231*m + 2430. Give r(-16).
14
Let x(f) = -12*f**3 + 2*f**2 - 5*f + 8. Give x(2).
-90
Let y(z) = 660*z - 5281. Determine y(8).
-1
Let r(w) = -4473*w + 183398. What is r(41)?
5
Let u(s) = -s**2 - 18*s - 39. Give u(-5).
26
Let t(c) = -54*c - 1766. Determine t(-32).
-38
Let z(r) = -18690*r + 112117. Calculate z(6).
-23
Let r(f) = 4*f**2 - 44*f - 4. Determine r(10).
-44
Let m(g) = -g**3 + 6*g**2 + 24*g - 70. Determine m(8).
-6
Let t(x) = -x**3 - 118*x**2 + 1710*x + 921. Determine t(-131).
4
Let i(o) = -13*o + 26. Calculate i(0).
26
Let k(h) = -185*h - 6479. Determine k(-35).
-4
Let t(l) = l**2 - 4*l - 659. Determine t(-23).
-38
Let a(p) = -p**2 + 36*p + 119. Give a(-3).
2
Let h(x) = -x**3 - 30*x**2 - 51*x + 128. What is h(-28)?
-12
Let r(d) = 88*d + 94. Calculate r(-4).
-258
Let t(s) = 22*s - 303. Give t(14).
5
Let c(m) = 142*m + 1028. Calculate c(-8).
-108
Let f(o) = 25*o + 82. What is f(0)?
82
Let c(i) = i**3 + 2*i**2 + 2*i - 9. What is c(-6)?
-165
Let v(m) = -2*m**3 + 4*m**2 - 5. What is v(2)?
-5
Let w(t) = 2*t**2 + 53*t + 39. What is w(-22)?
-159
Let t(x) = -35*x - 880. Calculate t(-25).
-5
Let s(d) = -2*d**3 + 35*d**2 + 107*d - 136. What is s(20)?
4
Let x(d) = -123*d - 817. Determine x(-7).
44
Let c(b) = 11*b**2 + 185*b - 269. What is c(-19)?
187
Let n(h) = h**2 - 23*h + 143. Determine n(12).
11
Let k(q) = 5195*q + 228584. Calculate k(-44).
4
Let s(b) = 64*b + 1371. Determine s(-19).
155
Let v(m) = 13326*m + 119929. What is v(-9)?
-5
Let r(g) = -1185*g**3 + 3*g**2 - 39*g + 37. What is r(1)?
-1184
Let n(w) = 3*w**3 - 197*w**2 + 2055*w + 16. Give n(13).
29
Let f(r) = -3197*r + 6321. Calculate f(2).
-73
Let a(g) = 5*g**3 + 18*g**2 + 12*g + 17. Calculate a(-3).
8
Let y(p) = p**2 - 21*p + 18. Determine y(10).
-92
Let o(c) = c**2 - 28*c - 7561. Determine o(-74).
-13
Let q(a) = -185*a - 1156. Calculate q(-6).
-46
Let p(g) = 6504*g + 13002. Determine p(-2).
-6
Let b(q) = -3*q**3 + 11*q**2 + 24*q - 26. Calculate b(5).
-6
Let c(t) = 27*t**2 + 167*t + 205. Determine c(-5).
45
Let f(q) = -586*q - 70902. Determine f(-121).
4
Let s(w) = 25*w + 542. Calculate s(0).
542
Let y(i) = 2*i**3 + 19*i**2 - 28*i - 8. Determine y(-11).
-63
Let m(f) = 153*f - 11804. Calculate m(77).
-23
Let r(z) = -124*z + 625. Determine r(6).
-119
Let h(c) = c**3 - 30*c**2 + 60*c - 101. Determine h(28).
11
Let s(g) = -34*g**2 + 16*g - 1. Calculate s(-1).
-51
Let o(s) = 7*s**2 - 83*s - 388. Calculate o(15).
-58
Let c(t) = t**2 - 1198*t + 47431. Give c(41).
-6
Let l(i) = -2*i**3 + 18*i**2 - 12*i + 13. Give l(3).
85
Let l(z) = -29*z**3 - 5*z**2 + z + 4. Give l(-2).
214
Let x(m) = m**3 + 20*m**2 - 141*m - 2515. Calculate x(-21).
5
Let s(x) = -13*x - 172. Determine s(-24).
140
Let l(k) = k**3 - 6*k**2 + 10*k + 28. What is l(4)?
36
Let w(f) = f**3 + 41*f**2 - 269*f + 615. Give w(-47).
4
Let f(s) = -s**2 - 335*s + 672. What is f(2)?
-2
Let z(x) = 28*x**2 - 107*x - 12. Determine z(4).
8
Let n(c) = -5*c**2 - 148*c - 477. Calculate n(-26).
-9
Let d(s) = -12*s**3 + 3*s**2 + 4*s + 2. Determine d(-3).
341
Let j(c) = -5*c**2 + 89*c - 251. Determine j(3).
-29
Let q(o) = -o**2 + 59*o - 319. What is q(6)?
-1
Let d(b) = -b**3 + 10*b**2 - 25*b - 43. Give d(13).
-875
Let l(i) = i**3 + 15*i**2 + 20*i + 14. Calculate l(-6).
218
Let h(p) = p**2 + 226*p - 10. Calculate h(0).
-10
Let g(l) = -4407*l - 17635. What is g(-4)?
-7
Let f(y) = y**2 - 34*y + 267. Calculate f(20).
-13
Let c(m) = 2*m**3 - 81*m**2 - 33*m + 77. What is c(41)?
405
Let n(c) = c**3 + 18*c**2 + 23*c + 705. Determine n(-19).
-93
Let m(d) = 101*d**3 + 17*d**2 + 10*d - 5. Determine m(-1).
-99
Let l(m) = 4*m**3 + 159*m**2 - 36*m + 171. What is l(-40)?
11
Let u(g) = 13*g + 5. Determine u(3).
44
Let x(h) = 2*h**3 - 171*h**2 + 83*h + 166. Determine x(85).
-4
Let k(g) = 2*g**2 + 55*g - 3437. What is k(30)?
13
Let d(r) = -6*r**2 - 3*r - 24. Determine d(6).
-258
Let j(x) = -4*x - 68. Calculate j(-17).
0
Let c(h) = -h**3 - 25*h**2 + 41*h - 348. Calculate c(-27).
3
Let p(g) = g**2 + 424*g - 29642. Calculate p(61).
-57
Let g(j) = -73*j - 2972. Determine g(-41).
21
Let d(j) = 2*j**2 - 70*j - 35. Give d(35).
-35
Let i(z) = 338*z - 702. Calculate i(2).
-26
Let s(r) = 3*r**2 - 11*r - 24. What is s(8)?
80
Let x(z) = -82*z + 913. Give x(11).
11
Let c(f) = -f**3 - 14*f**2 - 34*f - 30. Calculate c(-4).
-54
Let g(j) = -j**3 - 56*j**2 - 100*j + 431. Calculate g(-54).
-1
Let v(y) = y**3 - 3*y**2 - 10*y - 34. Determine v(6).
14
Let t(a) = 4*a**2 - 6*a + 42. Calculate t(4).
82
Let n(b) = -2*b**2 + 11238*b + 33727. Determine n(-3).
-5
Let b(z) = z**3 - z**2 - 12*z - 13. Determine b(-6).
-193
Let q(f) = 197*f + 14984. Determine q(-76).
12
Let r(t) = 6*t**2 - 19*t - 5. Calculate r(4).
15
Let h(i) = 2*i**3 - 116*i**2 + 1168*i + 10. What is h(13)?
-16
Let b(s) = -s**3 - 7*s**2 + 62*s + 3. Give b(7).
-249
Let a(k) = -2*k**2 - 76*k - 385. Determine a(-32).
-1
Let x(z) = z**3 + 5*z**2 - 9*z - 41. Determine x(-5).
4
Let j(s) = -3*s**2 - 48*s - 383. Calculate j(-8).
-191
Let c(b) = -2*b**2 - 81*b - 499. What is c(-33)?
-4
Let a(z) = z**3 - 14*z**2 + 5*z + 6. Determine a(6).
-252
Let v(s) = -377*s + 396. Give v(1).
19
Let w(i) = -7*i**3 - 477*i**2 + 911*i + 62. Calculate w(-70).
-8
Let g(x) = 3*x**2 - 39*x - 68. Determine g(16).
76
Let h(i) = 98*i - 1786. Determine h(15).
-316
Let a(l) = 102*l**2 - 